b - 30. Calculate i(6).
6
Let d(o) = -o**3 - 734*o**2 + 1522*o + 36640. Calculate d(-736).
-160
Let p(s) = -9912*s - 1764338. Calculate p(-178).
-2
Let m(f) = 2*f**3 + 227*f**2 + 345*f + 936. Calculate m(-112).
-72
Let c(f) = 21*f**2 + 152*f - 102. What is c(-8)?
26
Let w(m) = -206*m**2 - 746*m - 3696. Give w(-5).
-5116
Let b(i) = -i**3 - 142*i**2 - 942*i - 148. What is b(-135)?
-553
Let p(r) = r**3 + 70*r**2 - 400*r - 1731. Calculate p(-75).
144
Let v(n) = n**2 - 10656*n - 106657. Determine v(-10).
3
Let d(c) = -c**3 - 503*c**2 + 13813*c + 31211. Give d(-529).
0
Let n(c) = -c**3 + c**2 - 461*c + 423. Give n(0).
423
Let b(f) = 325127*f + 650252. Determine b(-2).
-2
Let r(l) = 60*l**3 - 8*l**2 - 27*l - 4. Give r(-2).
-462
Let l(q) = -37*q**2 - 1440*q - 2632. What is l(-37)?
-5
Let w(t) = -2*t**3 + 192*t**2 + 2843*t - 980. Calculate w(109).
1
Let b(t) = 3*t**2 + 11*t + 18. What is b(-7)?
88
Let u(s) = -77807*s + 1945179. Give u(25).
4
Let r(x) = -17847*x - 89281. Give r(-5).
-46
Let o(j) = -56079*j - 3196488. Calculate o(-57).
15
Let q(c) = -7060*c - 157350. Calculate q(-22).
-2030
Let t(k) = -k**2 + 2111*k - 231437. What is t(116)?
-17
Let c(h) = -h**2 + 2118*h - 14852. Determine c(7).
-75
Let f(i) = -127*i + 905. Determine f(21).
-1762
Let j(f) = 8*f**2 - 52*f + 700. What is j(14)?
1540
Let l(f) = 59*f**2 - 50389*f + 2554. Calculate l(854).
-8
Let y(m) = 103*m**2 - 2770*m - 297. What is y(27)?
0
Let z(h) = 1873*h + 45478. Calculate z(-24).
526
Let g(d) = 7439*d + 88689. Give g(-12).
-579
Let j(l) = 3*l**3 + 651*l**2 + 633*l - 3071. Calculate j(-216).
169
Let t(i) = -2*i**2 + 406*i - 23081. Calculate t(74).
-3989
Let x(a) = 8*a**2 - 718*a + 4346. What is x(6)?
326
Let d(t) = 293*t**2 + 87868*t - 9595. Determine d(-300).
5
Let h(g) = -33*g + 3154. What is h(44)?
1702
Let j(g) = -26590*g - 53162. Determine j(-2).
18
Let a(l) = -13*l**3 - 10*l**2 - 5*l - 7. What is a(-2)?
67
Let a(v) = -430*v**2 + 7445*v - 2311. What is a(17)?
-16
Let v(i) = 7278*i - 4767091. Calculate v(655).
-1
Let m(a) = 10927*a - 163538. Determine m(15).
367
Let k(z) = 28118*z + 42401944. Calculate k(-1508).
0
Let m(o) = -677*o - 21097. Determine m(-31).
-110
Let j(t) = 1642*t**2 - 18050*t - 274. Determine j(11).
-142
Let v(d) = 14*d**2 + 294*d - 309. Determine v(-22).
-1
Let d(q) = -48*q**2 - 810*q - 676. Determine d(-16).
-4
Let x(y) = -91*y - 4338. What is x(-41)?
-607
Let b(c) = 129*c**2 + 8257*c + 78. Give b(-64).
14
Let r(z) = -4*z**2 + 343*z - 3790. Determine r(11).
-501
Let z(t) = -52*t**2 + 292*t + 18. Calculate z(6).
-102
Let c(s) = -395*s**3 - s**2 + 144*s - 290. What is c(2)?
-3166
Let j(t) = -369*t**3 + 4*t**2 - 26*t + 22. What is j(1)?
-369
Let g(z) = 11*z**2 + 34*z + 3. Determine g(-13).
1420
Let g(l) = 67889*l + 339441. Give g(-5).
-4
Let w(p) = 57363*p + 286529. Determine w(-5).
-286
Let x(d) = 2390*d + 14415. Calculate x(-6).
75
Let c(k) = -525*k - 64527. What is c(-121)?
-1002
Let w(b) = -26*b**2 + 2311*b + 295. Determine w(89).
28
Let w(x) = -3*x**3 - 887*x**2 + 1792*x - 13. What is w(2)?
-1
Let r(c) = 137770*c + 1102253. Calculate r(-8).
93
Let q(g) = -g**3 + 125*g**2 + 491*g + 3645. Give q(129).
420
Let d(t) = -25*t**3 - t**2 - 761*t + 2293. Give d(3).
-674
Let w(h) = -57*h**2 - 2502*h + 230. Determine w(-44).
-34
Let t(x) = 204*x + 14918. Determine t(-73).
26
Let t(r) = -r**3 - 70*r**2 - 241*r - 4389. Determine t(-67).
-1709
Let c(v) = 1591*v - 18182. Calculate c(10).
-2272
Let m(f) = -10*f**2 + 97676*f + 782048. Determine m(-8).
0
Let v(r) = 1323056*r + 2646089. Give v(-2).
-23
Let z(f) = 418*f - 28856. Calculate z(69).
-14
Let u(m) = -m**3 - 71*m**2 - 52*m + 816. Give u(3).
-6
Let m(x) = 343*x - 148376. Give m(435).
829
Let m(t) = -t**3 + 81*t**2 - 650*t - 79. What is m(72)?
-223
Let w(h) = h**2 - 1496*h - 572535. What is w(-316)?
57
Let h(b) = -8*b**3 - 545*b**2 - 53*b + 1059. Give h(-68).
39
Let a(r) = -1291*r - 196230. What is a(-152)?
2
Let j(t) = t**3 + 116*t**2 - 2267*t - 280. What is j(-133)?
518
Let v(r) = r**3 - 1074*r**2 - 2326*r + 187229. Calculate v(1076).
5
Let w(g) = g**2 - 1134*g - 44510. Calculate w(-38).
26
Let a(i) = -3149*i - 63048. Determine a(-20).
-68
Let s(k) = 1243*k + 23606. Calculate s(-19).
-11
Let d(b) = 39*b**3 - 234*b**2 - 685*b + 4127. Give d(6).
17
Let w(v) = -8*v**3 - 161*v**2 - 83*v - 1246. Give w(-20).
14
Let h(o) = -2008*o + 28108. What is h(14)?
-4
Let s(d) = -246*d - 1208. Determine s(-5).
22
Let o(h) = 644*h - 122985. Determine o(191).
19
Let c(q) = 147*q - 1378. Calculate c(11).
239
Let l(g) = 4442*g + 1399366. What is l(-315)?
136
Let j(k) = 45*k**3 - 13*k**2 - 25*k + 4. Give j(2).
262
Let c(i) = -24077*i + 312937. What is c(13)?
-64
Let j(r) = 8*r**2 + 605*r + 3181. Determine j(-70).
31
Let z(p) = 2*p**3 - 90*p**2 - 56*p + 2809. What is z(45)?
289
Let y(t) = -5*t**3 - 52*t**2 - 98*t + 136. Calculate y(-7).
-11
Let a(x) = -3796*x + 49249. Calculate a(13).
-99
Let s(x) = -63*x**2 + 14546*x + 14539. Calculate s(-1).
-70
Let c(j) = -24*j + 777. What is c(-39)?
1713
Let v(g) = -3*g**2 + 401*g + 74154. What is v(-104)?
2
Let h(t) = -t**3 - 11*t**2 + 5376*t - 77. What is h(68)?
195
Let d(x) = 80*x + 7353. Calculate d(-96).
-327
Let x(g) = -1192*g + 12708. Determine x(10).
788
Let d(a) = -683858*a - 16412597. Determine d(-24).
-5
Let a(j) = -24*j**3 - 226*j**2 - 233*j - 1264. What is a(-9)?
23
Let v(k) = -5*k**3 - 588*k**2 - 16138*k + 183. Give v(-74).
627
Let p(b) = 955*b + 107163. Determine p(-112).
203
Let t(z) = 1207*z**2 + 39*z - 68. What is t(1)?
1178
Let k(f) = -7960*f + 318392. What is k(40)?
-8
Let t(b) = 18*b**2 - 1885*b + 364. What is t(104)?
-988
Let v(q) = -q**3 - 51*q**2 + 38*q - 721. Determine v(-52).
7
Let o(w) = w**3 - 24*w**2 + 454*w - 1798. What is o(5)?
-3
Let b(i) = 15*i**3 - 12*i**2 + 15*i - 39. What is b(4)?
789
Let f(r) = -r**2 + 1228*r + 31204. Determine f(-25).
-121
Let u(g) = 104909*g + 3776723. What is u(-36)?
-1
Let j(p) = 312*p**3 - 5*p**2 + 198*p + 201. What is j(-1)?
-314
Let t(c) = 41955*c - 335641. What is t(8)?
-1
Let h(p) = -p**2 + 127*p - 3338. Determine h(34).
-176
Let h(n) = -n**2 + 200*n - 3758. Calculate h(21).
1
Let k(n) = 88263*n + 176565. Give k(-2).
39
Let x(l) = -l**3 - 16*l**2 - 16*l + 18. Give x(-16).
274
Let b(s) = 952*s - 9086. Determine b(10).
434
Let h(r) = 12165*r + 48242. Give h(-4).
-418
Let o(x) = -x**3 - 182*x**2 - 1560*x - 114. What is o(-9)?
-87
Let r(q) = 1357637*q - 14934003. Determine r(11).
4
Let n(b) = -2136*b + 328924. Give n(154).
-20
Let h(v) = -922114*v - 1844241. Calculate h(-2).
-13
Let w(k) = -536*k + 21504. Calculate w(40).
64
Let l(f) = -15*f**2 - 7905*f + 31823. Calculate l(-531).
-37
Let m(d) = d**3 + 33*d**2 - 50*d - 1735. What is m(-32)?
889
Let h(c) = -397*c - 630. Calculate h(-7).
2149
Let f(h) = 154*h + 8396. Determine f(-51).
542
Let j(n) = n**3 + 19*n**2 + 382*n + 692. Give j(-2).
-4
Let r(h) = 181*h - 70268. Give r(386).
-402
Let k(g) = 2*g**3 - 21*g**2 - 459*g - 1027. Give k(22).
7
Let k(l) = -172*l**2 - 8420*l + 331. Determine k(-49).
-61
Let b(t) = -45*t**2 + 45268*t - 534770. Give b(994).
2
Let k(m) = 213*m**3 - 9*m**2 - 12*m + 11. What is k(1)?
203
Let t(z) = -3*z**2 + 791*z - 13299. Determine t(18).
-33
Let x(h) = -65972*h - 66064. Give x(-1).
-92
Let t(z) = 282*z + 1387. Give t(-5).
-23
Let x(f) = -296*f**2 + 8883*f - 57. Give x(30).
33
Let w(m) = -m**3 - 91*m**2 - 1854*m + 27. Give w(-61).
1491
Let l(j) = -2035*j - 384519. Give l(-189).
96
Let t(d) = 42*d + 1301. Calculate t(-16).
629
Let o(w) = 1558*w - 866. Give o(1).
692
Let h(z) = z**3 - 67*z**2 - 84*z + 1198. Calculate h(68).
110
Let x(n) = 2*n**2 - 119*n + 162. Calculate x(49).
-867
Let k(z) = 5*z**3 + 84*z**2 - 166*z - 454. Determine k(-19).
-1271
Let g(i) = -8*i**2 + 3388*i + 11975. Determine g(427).
19
Let d(m) = -1511*m - 2600. What is d(-2)?
422
Let h(l) = 483*l**2 - 60*l + 201. Calculate h(2).
2013
Let y(r) = -147*r + 267. Calculate y(2).
-27
Let j(u) = u**3 + 130*u**2 + 1205*u + 608. Calculate j(-120).
8
Let f(m) = -2554*m - 171133. Calculate f(-67).
-15
Let u(n) = -4*n**2 + 372*n - 59. Calculate u(92).
309
Let r(u) = -3*u**3 + 22*u**2 - 86*u + 484. Determine r(7).
-69
Let q(a) = -398*a**2 - 4817*a - 478. Give q(-12).
14
Let g(w) = -w**2 - 11*w + 1744. What is g